141836.
372
What is the greatest common factor of 13360 and 9548160?
80
What is the greatest common factor of 6357496 and 6953?
409
Calculate the highest common divisor of 8816 and 82244.
116
What is the highest common factor of 60 and 1754670?
30
What is the highest common factor of 162056374 and 542?
542
Calculate the highest common divisor of 2641506 and 11118.
654
Calculate the greatest common divisor of 882906 and 111.
3
Calculate the highest common divisor of 753172 and 9324.
1036
Calculate the highest common factor of 820 and 27001575.
205
What is the highest common divisor of 5075896 and 84?
28
What is the highest common factor of 65933325 and 38?
19
Calculate the greatest common divisor of 1472 and 29606336.
1472
What is the highest common factor of 764283 and 351?
39
Calculate the highest common factor of 3050 and 3396275.
25
Calculate the highest common factor of 441 and 10291715.
49
What is the greatest common divisor of 629 and 4489987?
37
What is the highest common factor of 794402 and 464326?
358
What is the greatest common factor of 20936 and 5576827?
2617
Calculate the greatest common divisor of 5996196 and 36.
36
What is the greatest common factor of 1361994 and 7526?
106
What is the greatest common divisor of 1224 and 1009154?
34
What is the highest common factor of 424 and 3614176?
424
What is the highest common divisor of 38257 and 13834759?
571
What is the greatest common factor of 8156615 and 6006365?
14335
Calculate the highest common factor of 12904 and 59421307.
1613
Calculate the highest common divisor of 1335 and 4232190.
15
Calculate the greatest common factor of 8235 and 4215195.
45
Calculate the greatest common factor of 486 and 785161188.
486
What is the greatest common divisor of 1008 and 3525264?
144
Calculate the highest common divisor of 7102680 and 793.
13
What is the greatest common factor of 65 and 3378245?
65
Calculate the greatest common factor of 73151 and 5460507.
4303
Calculate the greatest common factor of 7208625 and 345.
15
What is the greatest common factor of 5022794 and 2874?
958
What is the highest common divisor of 127562818 and 6?
2
What is the greatest common factor of 50776 and 26024?
8
What is the greatest common factor of 420 and 864318?
42
Calculate the greatest common factor of 8 and 90425866.
2
Calculate the highest common factor of 23208646 and 496.
62
What is the greatest common divisor of 410520 and 411?
3
Calculate the greatest common factor of 721 and 11577097.
721
Calculate the highest common factor of 12880 and 100739632.
2576
What is the highest common factor of 3679860 and 144?
12
Calculate the greatest common factor of 962986 and 297190.
226
Calculate the highest common divisor of 9 and 1251941.
1
Calculate the highest common divisor of 117667 and 108262.
209
Calculate the greatest common divisor of 276940 and 10551868.
908
What is the highest common divisor of 1852560 and 217460?
1660
Calculate the highest common divisor of 1827 and 1152564.
21
Calculate the greatest common divisor of 33405 and 54627.
393
What is the highest common divisor of 216 and 385816?
8
What is the highest common factor of 6593 and 67754?
19
What is the greatest common divisor of 10633740 and 195?
195
What is the highest common divisor of 23345 and 43220933?
4669
Calculate the highest common factor of 24 and 2210212.
4
What is the greatest common factor of 329607 and 72875?
53
Calculate the greatest common factor of 1802 and 156986.
106
Calculate the greatest common factor of 73718 and 8812897.
899
Calculate the greatest common divisor of 1850 and 2378434.
74
Calculate the highest common divisor of 15 and 32628.
3
What is the highest common factor of 44585 and 8991?
37
What is the greatest common factor of 89270273 and 1?
1
Calculate the highest common divisor of 534570 and 1157197.
173
Calculate the greatest common factor of 432 and 9694584.
72
What is the greatest common factor of 807075 and 8600?
25
What is the greatest common factor of 22313832 and 24?
24
Calculate the highest common divisor of 59347 and 10270522.
3491
Calculate the highest common factor of 16860 and 4720.
20
Calculate the greatest common divisor of 2388 and 15691548.
2388
Calculate the highest common divisor of 7607481 and 6755.
1351
Calculate the highest common factor of 368 and 59742776.
184
Calculate the highest common factor of 4440 and 2265.
15
What is the greatest common factor of 138749 and 14027?
169
Calculate the greatest common factor of 44014872 and 16.
8
What is the greatest common factor of 527226 and 67662?
42
Calculate the highest common factor of 16821588 and 168.
84
What is the highest common divisor of 47838252 and 594?
66
What is the greatest common factor of 570 and 591030?
30
What is the highest common divisor of 13888 and 48914404?
868
Calculate the greatest common factor of 258720 and 236940.
660
Calculate the highest common factor of 12188 and 197076.
44
What is the greatest common divisor of 37856 and 99872?
32
Calculate the greatest common divisor of 1379250 and 71550.
450
What is the greatest common divisor of 2828334 and 12?
6
Calculate the greatest common divisor of 62579673 and 2223.
2223
Calculate the highest common divisor of 82283456 and 144.
16
Calculate the greatest common divisor of 1240 and 69794840.
40
What is the highest common divisor of 17412866 and 148?
74
What is the greatest common divisor of 29299280 and 1981512?
16936
What is the highest common factor of 51968956 and 4814?
166
What is the highest common divisor of 17930 and 2129070955?
8965
What is the highest common factor of 3045 and 193891593?
609
What is the greatest common factor of 37629 and 14109543?
333
Calculate the highest common divisor of 190310 and 2120.
10
What is the highest common factor of 33060 and 26205?
15
Calculate the highest common factor of 2285 and 30705.
5
Calculate the greatest common factor of 2854585 and 3170.
1585
What is the greatest common factor of 7836939 and 4917?
33
What is the highest common divisor of 116690 and 64085?
35
Calculate the highest common factor of 116482 and 5214446.
278
What is the greatest common divisor of 515385 and 208?
13
What is the greatest common factor of 335636622 and 18?
18
Calculate the greatest common factor of 2514600 and 450.
450
What is the highest common factor of 1003073238 and 54?
18
Calculate the highest common divisor of 714 and 1009239.
357
What is the highest common divisor of 29431314 and 3?
3
What is the greatest common factor of 20 and 104845508?
4
Calculate the highest common divisor of 114 and 12047444.
38
What is the highest common factor of 5764 and 280544?
44
Calculate the greatest common factor of 296730295 and 5.
5
Calculate the highest common divisor of 374748 and 125477.
187
What is the highest common divisor of 4012932 and 51492?
84
Calculate the greatest common divisor of 248162 and 381902.
1486
What is the greatest common divisor of 1841005 and 15485?
95
What is the greatest common divisor of 38218752 and 528?
528
What is the highest common divisor of 75686854 and 7016?
1754
Calculate the highest common divisor of 10797635 and 6120.
85
What is the highest common factor of 106661568 and 3328?
832
What is the highest common factor of 2472 and 2793051?
309
What is the greatest common factor of 322 and 18236274?
14
Calculate the greatest common factor of 1030 and 1230799015.
515
Calculate the greatest common factor of 21 and 34687674.
21
Calculate the highest common divisor of 12539182 and 7556.
3778
What is the greatest common factor of 3810542 and 783?
29
Calculate the greatest common factor of 1533563 and 658.
47
Calculate the highest common factor of 63 and 210097377.
63
What is the highest common factor of 4654947 and 231?
33
Calculate the highest common factor of 5339250 and 54810.
1890
What is the highest common divisor of 523325 and 1225?
25
What is the highest common divisor of 26549091 and 74499?
3921
Calculate the highest common divisor of 5003448 and 36.
12
Calculate the greatest common divisor of 7998 and 409386.
186
Calculate the greatest common factor of 5796734 and 2.
2
What is the greatest common divisor of 42618000 and 128?
16
What is the highest common factor of 471210 and 50?
10
Calculate the greatest common factor of 838388